What is w(-17)?
-774
Let v(l) = 6*l**3 - 14*l**2 - 33*l - 8. Give v(2).
-82
Let n(i) = 4*i**3 - 45*i**2 + 182*i + 3. Calculate n(8).
627
Let j(h) = -5832*h + 175394. What is j(30)?
434
Let p(q) = -23*q**3 - 15*q**2 + 27*q - 16. Calculate p(5).
-3131
Let l(y) = 3*y**3 - 36*y**2 - 7087*y + 85100. Give l(12).
56
Let m(r) = -833*r - 14456. Calculate m(-17).
-295
Let y(r) = -r**3 + 107*r**2 - 29*r + 6884. Give y(107).
3781
Let a(s) = 3*s**2 + 1467*s - 8912. What is a(6)?
-2
Let r(s) = -5*s**2 + 437*s + 254267. Give r(-186).
5
Let y(z) = -z**2 - 67*z + 708. What is y(8)?
108
Let y(q) = q**3 + 74*q**2 + 225*q + 485. Give y(-71).
-367
Let h(y) = 3718*y - 52032. What is h(14)?
20
Let p(m) = -8*m**2 + 5248*m - 20870. Give p(4).
-6
Let y(n) = -n**3 + 4*n**2 + 24*n - 32. Determine y(4).
64
Let r(w) = w**2 + 1394*w + 27479. Give r(-20).
-1
Let q(o) = 15*o - 6090. Calculate q(317).
-1335
Let k(f) = f**3 - 7*f**2 - 4*f - 225. Calculate k(11).
215
Let w(d) = d**3 - 180*d**2 - 144*d - 6642. What is w(181)?
55
Let c(k) = -2*k**2 - 919*k - 6453. Calculate c(-7).
-118
Let r(k) = -12*k**3 + 685*k**2 - 39*k - 1029. What is r(57)?
-3
Let r(j) = -2401*j - 223515. Give r(-93).
-222
Let r(i) = 2*i**3 + 53*i**2 + 212*i + 73. What is r(-4)?
-55
Let v(z) = 147*z**3 - z**2 - 45*z + 60. What is v(2)?
1142
Let o(v) = -3*v**2 - 290*v - 6617. Give o(-61).
-90
Let r(u) = -16304*u**2 - 65171*u + 181. What is r(-4)?
1
Let k(v) = -v**2 - 1170*v - 320564. Give k(-732).
52
Let c(b) = -b**3 - 93*b**2 - 539*b + 27. Determine c(-6).
129
Let i(q) = 5138*q + 35972. Determine i(-7).
6
Let p(v) = 346*v**2 - 5106*v + 44. Determine p(15).
1304
Let t(u) = 159*u**2 + 5*u + 81. Determine t(5).
4081
Let y(q) = -q**2 - 46*q + 915. What is y(26)?
-957
Let o(g) = -16801*g + 49488. What is o(3)?
-915
Let h(o) = -2*o**2 + 7769*o + 314015. Determine h(-40).
55
Let c(t) = -2*t**3 + 157*t**2 + 51*t + 4. Determine c(0).
4
Let y(g) = -g**3 + 41*g**2 - 476. Give y(0).
-476
Let c(z) = -415*z**2 - 2017*z - 3. What is c(-5)?
-293
Let k(o) = -2*o**3 + 62*o**2 - 21*o + 89. Determine k(31).
-562
Let g(a) = 2*a**2 - 654*a + 50797. Determine g(125).
297
Let y(z) = -12008*z + 744512. Determine y(62).
16
Let g(i) = -2477*i - 96738. Calculate g(-39).
-135
Let f(r) = -161*r**2 + 2569*r + 26085. Determine f(23).
3
Let y(s) = -38021*s + 494265. Calculate y(13).
-8
Let p(c) = -64*c**2 - 268*c - 269. Calculate p(-1).
-65
Let f(k) = -4393*k - 25452. Calculate f(-6).
906
Let q(h) = -2*h**3 + 187*h**2 - 3258*h + 354. Calculate q(23).
9
Let y(b) = -137*b**2 + 245*b + 107. Calculate y(2).
49
Let c(z) = 38*z**2 + 19*z - 101. Give c(0).
-101
Let v(i) = -i**3 - 523*i**2 - 5122*i - 2958508. Calculate v(-524).
-4
Let m(h) = 938*h**2 - 70354*h + 294. Give m(75).
-6
Let f(x) = -x**3 - 10*x**2 + 8*x - 22. What is f(-11)?
11
Let k(g) = g**3 + 171*g**2 + 996*g + 328. Give k(-165).
-662
Let m(f) = 3*f**2 + 236*f + 1972. Determine m(-11).
-261
Let r(y) = 7*y**2 - 349*y + 577. Calculate r(48).
-47
Let u(h) = -245*h**2 - 304*h - 67. Give u(-1).
-8
Let h(i) = 550*i - 28000. Calculate h(51).
50
Let b(j) = 287080*j + 287081. Determine b(-1).
1
Let t(n) = n**2 - 248*n + 16561. Calculate t(113).
1306
Let j(o) = -2*o**3 + 37*o**2 - 545*o + 1353. Calculate j(3).
-3
Let z(l) = 8*l**3 - 38*l**2 - 111*l + 483. Give z(4).
-57
Let a(t) = t**3 - 215*t**2 - 416*t + 40987. Calculate a(216).
-2213
Let y(l) = -5*l**3 - 322*l**2 - 135*l - 423. Give y(-64).
25
Let k(c) = -c**2 - 552*c - 60016. Determine k(-403).
31
Let o(k) = -5733*k - 22853. Calculate o(-4).
79
Let x(o) = -2*o**3 - 11*o**2 - 3987*o - 7. Give x(0).
-7
Let u(j) = -1279*j**2 + 2447*j + 220. Give u(2).
-2
Let i(b) = 1291550*b - 3874664. Determine i(3).
-14
Let z(j) = 358*j - 11459. Give z(32).
-3
Let r(s) = -10798*s - 3314973. Calculate r(-307).
13
Let t(m) = 27*m**2 + 711*m + 169. Calculate t(-26).
-65
Let n(v) = 7*v**3 + 386*v**2 + 1484*v + 220. Calculate n(-51).
-35
Let d(g) = 177*g - 5093. Give d(19).
-1730
Let l(g) = 11*g**2 - 97*g - 230. Give l(-2).
8
Let y(a) = a**3 - 170*a**2 + 212*a - 7595. What is y(169)?
-328
Let n(k) = 2*k**3 - 582*k**2 - 1972*k + 61147. Calculate n(294).
-5
Let s(t) = t**3 + 115*t**2 + 88*t - 2777. What is s(-114)?
187
Let y(i) = -1178*i - 172024. Give y(-146).
-36
Let d(k) = 9767*k - 1162259. What is d(119)?
14
Let c(v) = 2118*v - 2131. Calculate c(1).
-13
Let b(i) = 854*i - 7026. Determine b(8).
-194
Let x(y) = 23584*y - 141495. Give x(6).
9
Let u(w) = 484*w**2 + 5829*w + 259. Give u(-12).
7
Let b(f) = 2*f**3 + 658*f**2 + 301*f + 99027. Determine b(-329).
-2
Let a(c) = -2*c**2 + 27799*c + 9391462. Give a(-330).
-8
Let k(n) = 21570*n + 150777. Determine k(-7).
-213
Let x(y) = -287*y - 34547. Give x(-120).
-107
Let k(g) = 388*g - 3494. What is k(9)?
-2
Let w(v) = 409*v**2 - 2838*v - 163. What is w(7)?
12
Let w(z) = 24113*z + 96448. Calculate w(-4).
-4
Let f(q) = -q**2 + 36712*q + 330493. Give f(-9).
4
Let m(y) = -8*y**3 - 3879*y**2 + 485*y - 74. Calculate m(-485).
-74
Let d(y) = -2*y**3 + 147*y**2 - 1093*y - 612. Give d(65).
168
Let x(d) = -3*d**3 - 34*d**2 + 57*d + 652. Give x(-10).
-318
Let o(v) = 2055*v + 17765. What is o(-9)?
-730
Let m(r) = -42452*r - 424510. Give m(-10).
10
Let x(m) = -72*m + 3652. Give x(50).
52
Let w(h) = -216*h - 3460. Give w(-25).
1940
Let g(w) = -w**3 + 53*w**2 - 150*w + 13971. Give g(55).
-329
Let y(s) = -s**2 + 18789*s + 225618. Give y(-12).
6
Let b(a) = -24*a + 6282. What is b(128)?
3210
Let m(g) = -808591*g - 20. Determine m(0).
-20
Let g(q) = -q**3 - 264*q**2 + 929*q + 105483. Give g(-266).
-119
Let k(z) = 47*z**2 + 6732*z - 5389. What is k(-144)?
-205
Let s(f) = -f**2 + 219*f + 178548. Give s(546).
6
Let h(p) = -p**3 - 68*p**2 + 139*p - 253. Give h(-70).
-183
Let u(k) = -21840*k + 16314463. What is u(747)?
-17
Let c(z) = 8*z**3 - 121*z**2 + 56*z - 325. Calculate c(14).
-1305
Let t(u) = 8878*u + 63164. What is t(-7)?
1018
Let f(g) = 6*g**3 - 66*g**2 + 256*g - 329. Give f(4).
23
Let v(x) = -4*x**3 + 17*x**2 - 76*x - 59. Give v(6).
-767
Let k(l) = -l**3 - 3299*l**2 + 626220*l - 20. Give k(180).
-20
Let r(b) = -12*b**3 + 3242*b**2 - 544*b + 1115. Calculate r(270).
35
Let h(a) = -62293*a + 311462. Calculate h(5).
-3
Let s(b) = b**3 + 46*b**2 + 580*b + 122. Give s(-24).
-1126
Let l(x) = 1430*x - 8767. What is l(6)?
-187
Let t(k) = -3*k**2 + 19*k + 1217. Give t(-25).
-1133
Let l(i) = 7*i**2 + i - 838. Calculate l(-13).
332
Let v(x) = -31*x**2 + 127*x - 976. Determine v(11).
-3330
Let s(b) = 5319*b - 898839. Give s(169).
72
Let f(j) = j**2 + 170*j - 33692. Give f(-287).
-113
Let f(t) = 250*t - 7334. Give f(29).
-84
Let v(a) = 90420*a**2 - 6871922*a + 161. What is v(76)?
9
Let x(h) = -2*h**2 - 1116*h - 10171. Calculate x(-9).
-289
Let m(o) = 62881*o + 2452369. Calculate m(-39).
10
Let a(c) = -1129*c - 63205. Calculate a(-55).
-1110
Let d(j) = -20*j**2 + 469*j + 7177. Give d(-16).
-5447
Let f(c) = 53*c**2 + 19828*c + 19834. Determine f(-1).
59
Let m(x) = -7*x**2 - 417*x + 43. What is m(-27)?
6199
Let n(p) = p**3 - 135*p**2 - 1527*p + 29. What is n(-11)?
-840
Let f(d) = -6*d**3 + 61*d**2 - 1569*d + 15589. Calculate f(10).
-1
Let f(i) = i**3 + 97*i**2 + 1017*i + 169. Determine f(-85).
424
Let i(j) = 6*j**2 + 1105*j + 1098. What is i(-1)?
-1
Let b(f) = -10*f**2 - 198*f - 992. Calculate b(-5).
-252
Let i(v) = 18683*v - 280252. Give i(15).
-7
Let a(t) = -7*t**2 - 1575*t + 16140. Calculate a(10).
-310
Let d(k) = 7*k**3 + 1869*k**2 - 3679*k - 125. What is d(2)?
49
Let j(u) = 2*u**3 + 77*u**2 + 622*u - 168. Determine j(-10).
-688
Let u(s) = s**3 - 104*s**2 + 747*s + 1998. Determine u(96).
-18
Let i(y) = y**2 - 25536*y - 281011. Calculate i(-11).
6
Let i(t) = 175*t - 6872. Determine i(42).
478
Let g(i) = 14483*i - 1144149. Calculate g(79).
8
Let u(z) = -z**2 + 5071*z - 404206. Give u(81).
-16
Let y(a) = -a**3 + 17*a**2 - 27*a - 194. Determine y(8).
166
Let w(d) = 121*d**2 + 8722*d + 743. Determine w(-72).
23
Let f(k) = -3*k**2 + 1748*k + 128447. Calculate f(-66).
11
Let u(v) = -2*v**2 + 126*v + 3967. Calculate u(85).
227
Let o(j) = -244469*j - 733345. What is o(-3)?
62
Let p(o) = 12*o**2 + 185*o + 939. What is p(-5)?
314
Let r(s) = 5*s**3 - 1083*s**2 - 434*s + 28. What is r(217)?
28
Let u(s) = 6*s**2 - 624*s + 367. Give u(101).
-1451
Let n(a) = -